589?
9
What is the ten thousands digit of 10228750?
2
What is the thousands digit of 11031194?
1
What is the tens digit of 1561924?
2
What is the thousands digit of 129499?
9
What is the hundred thousands digit of 1791424?
7
What is the thousands digit of 6313169?
3
What is the ten thousands digit of 23638511?
3
What is the thousands digit of 44547?
4
What is the hundreds digit of 11892802?
8
What is the units digit of 196345?
5
What is the units digit of 894282?
2
What is the tens digit of 6041749?
4
What is the tens digit of 484844?
4
What is the hundreds digit of 467599?
5
What is the tens digit of 1066211?
1
What is the thousands digit of 3122349?
2
What is the ten thousands digit of 630803?
3
What is the hundred thousands digit of 1739936?
7
What is the units digit of 1298829?
9
What is the thousands digit of 413112?
3
What is the hundreds digit of 560094?
0
What is the millions digit of 3318876?
3
What is the hundreds digit of 13881352?
3
What is the tens digit of 138993?
9
What is the thousands digit of 1444135?
4
What is the thousands digit of 1078717?
8
What is the thousands digit of 4290344?
0
What is the units digit of 2268840?
0
What is the millions digit of 1005884?
1
What is the ten thousands digit of 199047?
9
What is the hundreds digit of 8771057?
0
What is the hundred thousands digit of 5695195?
6
What is the hundreds digit of 8820396?
3
What is the thousands digit of 149342?
9
What is the hundreds digit of 224490?
4
What is the tens digit of 359364?
6
What is the millions digit of 16087149?
6
What is the ten thousands digit of 3732805?
3
What is the hundred thousands digit of 17709788?
7
What is the thousands digit of 2716272?
6
What is the millions digit of 1292532?
1
What is the ten thousands digit of 288321?
8
What is the hundred thousands digit of 696013?
6
What is the hundreds digit of 19315631?
6
What is the hundred thousands digit of 1357343?
3
What is the ten thousands digit of 13506?
1
What is the thousands digit of 5016658?
6
What is the units digit of 838234?
4
What is the thousands digit of 521425?
1
What is the hundred thousands digit of 896374?
8
What is the hundred thousands digit of 702570?
7
What is the units digit of 721219?
9
What is the units digit of 408887?
7
What is the hundreds digit of 935359?
3
What is the hundred thousands digit of 7606054?
6
What is the hundreds digit of 213907?
9
What is the units digit of 437503?
3
What is the thousands digit of 231924?
1
What is the hundred thousands digit of 102293?
1
What is the thousands digit of 275042?
5
What is the thousands digit of 266632?
6
What is the hundreds digit of 209565?
5
What is the thousands digit of 383460?
3
What is the tens digit of 490700?
0
What is the hundred thousands digit of 328128?
3
What is the millions digit of 13801444?
3
What is the tens digit of 3937141?
4
What is the hundreds digit of 5630013?
0
What is the thousands digit of 2490908?
0
What is the ten thousands digit of 311326?
1
What is the ten thousands digit of 30708032?
0
What is the ten thousands digit of 3551329?
5
What is the ten thousands digit of 1611637?
1
What is the hundreds digit of 5367429?
4
What is the ten thousands digit of 6087807?
8
What is the hundreds digit of 16728979?
9
What is the units digit of 236270?
0
What is the thousands digit of 944442?
4
What is the hundreds digit of 202031?
0
What is the units digit of 214210?
0
What is the thousands digit of 20215761?
5
What is the hundred thousands digit of 553860?
5
What is the hundreds digit of 122288?
2
What is the ten thousands digit of 351470?
5
What is the hundred thousands digit of 16545740?
5
What is the tens digit of 1110096?
9
What is the hundreds digit of 3158434?
4
What is the thousands digit of 3818375?
8
What is the units digit of 393615?
5
What is the units digit of 515350?
0
What is the ten thousands digit of 362865?
6
What is the hundred thousands digit of 490098?
4
What is the hundreds digit of 52154?
1
What is the tens digit of 60590?
9
What is the hundreds digit of 7341568?
5
What is the thousands digit of 3397658?
7
What is the hundred thousands digit of 6530217?
5
What is the hundred thousands digit of 5026042?
0
What is the tens digit of 3450?
5
What is the thousands digit of 323623?
3
What is the tens digit of 19997?
9
What is the hundred thousands digit of 147144?
1
What is the ten thousands digit of 1135706?
3
What is the tens digit of 247675?
7
What is the thousands digit of 267850?
7
What is the ten thousands digit of 203874?
0
What is the hundreds digit of 1242454?
4
What is the ten thousands digit of 11089789?
8
What is the ten thousands digit of 482860?
8
What is the ten thousands digit of 682396?
8
What is the ten thousands digit of 102120?
0
What is the thousands digit of 88872?
8
What is the hundred thousands digit of 451486?
4
What is the hundred thousands digit of 11640267?
6
What is the tens digit of 2938395?
9
What is the thousands digit of 1233873?
3
What is the hundred thousands digit of 1409415?
4
What is the hundred thousands digit of 20697523?
6
What is the hundred thousands digit of 102932?
1
What is the millions digit of 3297567?
3
What is the ten thousands digit of 1879374?
7
What is the tens digit of 266653?
5
What is the tens digit of 7262243?
4
What is the ten millions digit of 10439862?
1
What is the ten millions digit of 29949731?
2
What is the thousands digit of 207441?
7
What is the hundred thousands digit of 3146144?
1
What is the units digit of 679413?
3
What is the units digit of 3255826?
6
What is the tens digit of 23542670?
7
What is the units digit of 282946?
6
What is the hundred thousands digit of 29359308?
3
What is the tens digit of 2433087?
8
What is the thousands digit of 5814227?
4
What is the units digit of 48629?
9
What is the hundred thousands digit of 2504967?
5
What is the tens digit of 20432803?
0
What is the thousands digit of 117386?
7
What is the units digit of 755668?
8
What is the tens digit of 238223?
2
What is the thousands digit of 1908111?
8
What is the units digit of 581446?
6
What is the ten thousands digit of 110647?
1
What is the hundred thousands digit of 317190?
3
What is the thousands digit of 4597647?
7
What is the millions digit of 5546238?
5
What is the thousands digit of 3229609?
9
What is the units digit of 1317257?
7
What is the units digit of 148004?
4
What is the hundreds digit of 14773564?
5
What is the hundred thousands digit of 6738441?
7
What is the ten millions digit of 11428872?
1
What is the millions digit of 3752268?
3
What is the hundreds digit of 3408206?
2
What is the ten thousands digit of 892083?
9
What is the units digit of 4257356?
6
What is the tens digit of 11138036?
3
What is the ten millions digit of 24184861?
2
What is the hundred thousands digit of 435593?
4
What is the tens digit of 8378650?
5
What is the ten thousands digit of 5590695?
9
What is the hundred thousands digit of 2799673?
7
What is the units digit of 277190?
0
What is the units digit of 855291?
1
What is the tens digit of 2967830?
3
What is the thousands digit of 807679?
7
What is the millions digit of 9307919?
9
What is the ten thousands digit of 5276908?
7
What is the thousands digit of 161285?
1
What is the thousands digit of 1916370?
6
What is the thousands digit of 9412807?
2
What is the ten thousands digit of 106582?
0
What is the hundred thousands digit of 2082027?
0
What is the thousands digit of 12430861?
0
What is the thousands digit of 737859?
7
What is the hundred thousands digit of 25029196?
0
What is the ten thousands digit of 11193039?
9
What is the units digit of 915258?
8
What is the units digit of 12177176?
6
What is the thousands digit of 5415168?
5
What is the hundred thousands digit of 5069127?
0
What is the tens digit of 21541563?
6
What is the ten millions digit of 34679442?
3
What is the tens digit of 1890632?
3
What is the units digit of 6199177?
7
What is the millions digit of 23590477?
3
What is the hundreds digit of 279862?
8
What is the thousands digit of 1212483?
2
What is the hundred thousands digit of 657420?
6
What is the tens digit of 150078?
7
What is the units digit of 25620309?
9
What is the units digit of 10578736?
6
What is the millions digit of 1374878?
1
What is the hundreds digit of 